2/136. Let h(m) be the first derivative of -1/2*m**i + 27 + 7*m. What is h(3)?
4
Let k(m) = m**3 - 6*m**2 + 7*m - 5. Let w(d) = -d**3 - 1. Let a(f) = k(f) + 2*w(f). Let n be (6/(-9) + 95/(-15))/1. What is a(n)?
-7
Let b(q) = q**2 - 22*q + 73. Let u be b(19). Suppose -12 = -3*h, 0 = -3*o + h - 5*h + u. Let k(w) = w - 1. Give k(o).
-1
Suppose j + j = 4. Let x = -6 + j. Let r(t) = -59*t - 14 + 32 + 27*t - 17 + 30*t. Calculate r(x).
9
Suppose -32*u = -33*u + 2. Suppose -2*v = u*x + 10, 2*v - 3 - 1 = 0. Let o(y) = 3*y - 4. Let c(l) = 4*l - 5. Let p(w) = 4*c(w) - 6*o(w). What is p(x)?
18
Let n be ((-15 + 0)/3)/(180/72). Let l(b) = -3*b**3 - 2*b**2 + b - 1. Determine l(n).
13
Let o(s) = -3*s + 5. Let q = -102 - -90. Let l be (((-15)/(-4))/(-1))/(1/q). Let k = l - 49. Determine o(k).
17
Let x(l) be the third derivative of 0*l - 1/60*l**5 + 11/6*l**3 + 1/6*l**4 - 156*l**2 + 0. Determine x(5).
6
Let u(d) = -d**3 - 7*d**2 - 8*d - 14. Let s(o) = -151*o + 12828. Let z be s(85). What is u(z)?
42
Let o(n) = -n**3 + 16*n**2 + 75*n - 341. Let r be o(19). Let i(m) = 89*m**3 - 2*m**2 - m + 3. What is i(r)?
89
Let q(t) = 7*t**3 + 7*t**2 - 3*t + 14. Let v(y) = -9*y**3 - 7*y**2 + 3*y - 14. Let p(c) = 5*q(c) + 4*v(c). Give p(7).
-7
Let c(g) = -106 + 206*g + 219*g - 438*g. Determine c(-9).
11
Let g = 59 + -79. Suppose 8*a + 92 = 4*a. Let p = a - g. Let w(z) = z**3 + 3*z**2 + 3. What is w(p)?
3
Let m(x) = -12 - 7 + 5*x - 46. Let k be m(13). Let g(w) = -w**2 - w + 3. What is g(k)?
3
Let w(c) = -c**2 + c + 7 - 6*c + 5. Suppose b + 15 = 2*u, 25*u = -5*b + 20*u - 15. Let a be w(b). Let x(v) = -4*v**2 - 2*v. Determine x(a).
-12
Let o(g) = -88*g - 991. Let j be o(-11). Let v(n) = n**3 + 22*n**2 - 21*n + 41. Determine v(j).
-5
Suppose -434*d - 30 = -449*d. Let i(t) be the second derivative of -t**6/144 - t**5/60 + t**4/6 + 4*t. Let u(b) be the third derivative of i(b). Calculate u(d).
-12
Let x(k) be the third derivative of -k**6/120 + 7*k**5/30 + 4*k**4/3 + 4*k**3/3 + 2*k**2 + 152. Give x(16).
8
Let t(l) be the second derivative of -11/2*l**3 + 1/360*l**6 + 1/30*l**5 + 20*l + 0*l**2 + 0*l**4 + 0. Let b(y) be the second derivative of t(y). What is b(-5)?
5
Let w(l) = 3*l**2 + 17*l - 11. Let p(f) = 2*f**2 + 10*f - 11. Let h(z) = 4*p(z) - 3*w(z). Give h(-3).
13
Let z(i) = 2 + 3*i**3 + 3*i**2 + 3 + 4*i**2 + 6*i**2 - 7*i. Let r(y) = 3808*y + 1 - 1906*y - 1903*y - y**2 - y**3. Let f(u) = 4*r(u) + z(u). What is f(8)?
-15
Let k(q) be the second derivative of 15 + q + 2/3*q**3 - 5/2*q**2. Determine k(4).
11
Let r(j) = -j**3 - j**2 + 4*j + 2. Suppose 5*k + 33 = -2*s, s - 179 = 5*k - 158. Determine r(k).
82
Let s be 35 + (-4 - 1) + -2. Let k(u) = u**2 - 26*u - 50. Determine k(s).
6
Let u(h) be the first derivative of -h**6/360 - 3*h**5/40 + h**4/3 + 57*h**3 - 102. Let v(w) be the third derivative of u(w). Determine v(-9).
8
Let y = 21 - 15. Let u(f) = 9*f**2 + 4*f + 50. Let t(q) = 14*q**2 + 6*q + 60. Let w(a) = 2*t(a) - 3*u(a). Calculate w(y).
6
Let b(m) = -113*m**2 - 3*m + 11. Let t(j) = -301*j**2 - 6*j + 31. Let y(n) = -8*b(n) + 3*t(n). Let g(v) = -4*v + 3*v + 0*v + 2. Let i be g(6). What is y(i)?
-3
Suppose 7 = x + 1. Let h be 14 - x - 1*4. Let s(k) = k**3 + k**2 + k. Let o(q) = -6*q**2 - q + 2. Let d(f) = -o(f) - s(f). What is d(h)?
14
Let j(v) = -v**2 + 14*v - 1. Let b be (-20 + (-21 - -30))/(1*(-2 + 1)). What is j(b)?
32
Let u(q) be the second derivative of q**3 - 88*q**2 - 3*q + 5. Determine u(30).
4
Let f(k) = -46*k**2 - 85*k - 13. Let u(a) = 161*a**2 + 306*a + 46. Let c(r) = 18*f(r) + 5*u(r). Give c(-1).
-27
Suppose 4*s - 21 = 5*q, -2*q + q = 3*s - 11. Let x(p) = -377*p + 751*p - 2*p**3 - 374*p + 7*p**3. Determine x(q).
-5
Suppose 4*q + 4*n = -4, -9*n - 3 = 2*q - 6*n. Let c(f) = f**2 - 4*f + 0*f**2 - 2 - f + 0*f**2 + 6*f. Give c(q).
-2
Let d(t) = -33*t - 112. Let c(o) = -16*o - 53. Let q(m) = -13*c(m) + 6*d(m). Give q(-8).
-63
Let g(c) = c**2 + 9*c - 4. Let s be ((-423)/(-6))/(((-2)/40)/(-1)). Let q be 2/5 - s/150. Give g(q).
-4
Let f(r) = -11*r - 157. Let s(y) = 10*y + 171. Let a(i) = -9*f(i) - 8*s(i). Give a(-3).
-12
Let m(r) = 3*r**3 - 45*r**2 - 2*r + 36. Let c be m(15). Let s(l) = -2*l**2 + l + 37. Calculate s(c).
-29
Let n(p) be the third derivative of p**5/12 - p**4/8 - p**3/2 + p**2 - 87. Calculate n(1).
-1
Let p(s) be the second derivative of 7*s**3/3 - 11*s**2 + 5461*s. Determine p(4).
34
Let f(n) be the second derivative of 19*n**3/6 - n**2 + 1604*n. Calculate f(-4).
-78
Let w(y) = 2*y - 9. Suppose 3*g + 8 = 5*g + 4*p, 0 = 5*g - p - 75. Suppose -b = b + g. Determine w(b).
-23
Suppose 3*v - 307 = -3*k - 262, 3*v - k + 23 = 0. Let t(s) = -2*s. Let m be t(-1). Let y(d) = 0*d**2 + 6*d**2 - 3*d**m - 1. Calculate y(v).
11
Let i = -17224 - -17224. Let m(c) be the third derivative of 0*c - 1/8*c**4 + i - 1/6*c**3 - 26*c**2. Give m(-4).
11
Let v(d) = d**3 - 5*d**2 - 7*d + 5. Let i(j) be the first derivative of -j**4/4 - 8*j**3/3 - j**2/2 - 2*j - 20. Let k be i(-8). Give v(k).
-1
Let c(i) = -i**3 - 9*i**2 - 8*i - 2. Let p = -26 - -30. Suppose n = 2, z + 3*n - p = 6. Let b be (-3 - 5/(-5))*z. Calculate c(b).
-2
Let y(t) = -5*t**2 + 20*t + 15. Let v(j) = 4*j**2 - 16*j - 13. Let m(n) = -4*v(n) - 3*y(n). Determine m(-3).
-14
Suppose -299 = -212*j - 233 - 278. Let q(d) = d**2. Let i(o) = -3*o**2 - 4*o - 1. Let f(t) = i(t) + 2*q(t). Determine f(j).
2
Let g = -3490 + 3489. Let w(p) = p**2 - 4*p - 2. Let c be w(5). Let f(z) = c*z**3 - z**2 + 0 - 5*z**3 + 0. Calculate f(g).
1
Let v(b) = -b**2 - 1. Let c(y) = 8*y**2 - 3. Suppose -5*r + 245 = -5*o, r - 101 - 98 = 4*o. Let x = o + 51. Let a(q) = x*c(q) - 2*v(q). Determine a(1).
9
Let d(x) = -x**2 - 2. Let p(t) be the first derivative of -t**3/3 - t**2 - t + 158. Let q(u) = 4*d(u) - 5*p(u). Determine q(-9).
-12
Suppose 2*t + a = 6*t - 13, -15 = 3*a. Let m(b) = 3*b**t - 4*b + b**3 - 2*b**2 + 7 - 7 + 2*b**2. What is m(-4)?
0
Let h be -1*(-26)/39*(267 - 0). Let b(o) = o**2 - 1 + h*o - 178*o. Determine b(2).
3
Let b(c) be the second derivative of c**5/20 + 7*c**4/12 - c**3/2 - 7*c**2/2 - c. Let d = 34650 - 34657. What is b(d)?
14
Suppose -3*n - 22 = -2*r + 14, -n = 2*r - 4. Suppose 0 = -2*t - 2*t + 4*p + 8, 2*t = 3*p. Let s(x) = x**2 + 2 + 3*x + t*x + 1. Determine s(n).
-5
Let n(r) be the second derivative of -4*r**3/3 + 11*r**2/2 + 891*r. Determine n(5).
-29
Let o(x) be the second derivative of x**5/20 - 3*x**4/4 + 10*x**3/3 - 93*x**2/2 + 5*x + 43. Determine o(8).
3
Let p(l) be the second derivative of l**3 + 92*l**2 - 3*l - 598. Determine p(-32).
-8
Let p be 1*(-10 - -9)*7. Let f(x) = -x**3 - 6*x**2 + 10*x + 8. Give f(p).
-13
Suppose 5*q = 3*n - 0*q - 71, 0 = -2*n - 5*q + 64. Suppose 71*c - 4 = 69*c. Let v(a) = 12 - a**c + 14 - 3*a - n. Give v(-3).
-1
Let u(s) = 28*s - 2 - s**3 - 5*s**2 + 25*s - 59*s. Let q be -24 - 377/(-13) - (10 + -1). Calculate u(q).
6
Let i = -838259/60 - -13971. Let r(n) be the third derivative of -4/3*n**3 + 1/120*n**6 + 0*n**4 + 14*n**2 + 0 + 0*n + i*n**5. Calculate r(0).
-8
Let v be 6/(-13 - (-154)/14). Let k(u) = -4*u**2 + u. Determine k(v).
-39
Let a(q) = -7*q**2 + 6*q + 13. Let c(l) be the third derivative of l**5/6 - l**4/3 - 19*l**3/6 + 150*l**2. Let f(p) = 7*a(p) + 5*c(p). Determine f(-3).
-1
Suppose -4*w + 2*p + 20 = -2*w, 2*p - 16 = -4*w. Let x(l) = -l**3 + 7*l**2 - 7*l - 2. Give x(w).
-8
Let p(k) = -k**2 - k - 1. Let w = -23 + -24. Let a = w - -51. Let z(m) = m**2 - 3*m - 4. Let s be z(a). Determine p(s).
-1
Let d(y) be the second derivative of -y**3/2 + 31*y**2/2 - 2*y - 234. Calculate d(12).
-5
Let x = -561 - -572. Let q(r) = 0 + 11*r + x*r - 21*r - 14 + 0*r. What is q(0)?
-14
Let m(b) = -134*b + 104. Let l(o) = -81*o + 51. Let y(v) = -5*l(v) + 3*m(v). What is y(-17)?
6
Let y(w) = -10*w**2 + 2*w - 1. Suppose k - 163 + 164 = 0. Suppose -18 = u + u + 5*q, -2*u = 3*q + 14. Let x be (k - -1) + u/(-4). Calculate y(x).
-9
Let t(s) = -7*s - 10. Let z(h) = 2*h + 13. Let g(m) = 2*m. Let k(y) = 3*g(y) + z(y). Let n(v) = 6*k(v) + 7*t(v). Calculate n(7).
1
Let b(y) = 7*y - 24. Suppose 29*t = 14*t + 135. Give b(t).
39
Let z(f) = 16*f + 499. Suppose 3*v + 102 = a, -80 + 152 = -3*v - 4*a. What is z(v)?
-13
Suppose -3*r = 2*i - 26, 7*i - 5*r + 50 = 11*i. Suppose 5*c - 45 = i*c. Let f(p) = p**3 + 9*p**2 + p + 13. De